004?
True
Is 54215034 a multiple of 1187?
False
Is 9 a factor of 33661173?
False
Is 15834804 a multiple of 12?
True
Does 6223 divide 659812244?
True
Is 532487701 a multiple of 22?
False
Is 12 a factor of 611750794?
False
Is 207 a factor of 817478038?
False
Does 46 divide 53093292?
True
Does 1804 divide 391635955?
False
Does 521 divide 209280490?
True
Is 12 a factor of 1886320121?
False
Does 35 divide 1058262162?
False
Does 22 divide 1015321538?
True
Is 471 a factor of 288125926?
False
Is 10 a factor of 53512620?
True
Is 10 a factor of 216348820?
True
Is 214 a factor of 60145128?
True
Is 2932490582 a multiple of 238?
True
Does 677 divide 15852632?
True
Does 479 divide 972744617?
False
Is 105 a factor of 541605435?
True
Does 414 divide 1225759194?
True
Is 135 a factor of 8949419?
False
Is 47485333 a multiple of 477?
False
Does 566 divide 35892952?
False
Is 13 a factor of 637912?
False
Does 8874 divide 3294304558?
False
Does 463 divide 50442461?
True
Is 66 a factor of 34181202?
True
Does 7522 divide 2122870907?
False
Is 585601023 a multiple of 51?
True
Is 89 a factor of 47736525?
False
Does 819 divide 17146978?
False
Is 9755583 a multiple of 627?
False
Does 147 divide 98985978?
True
Is 5135 a factor of 860050880?
True
Is 728485744 a multiple of 16?
True
Is 10 a factor of 32669840?
True
Is 2013 a factor of 1926805353?
True
Is 60594929 a multiple of 242?
False
Does 1411 divide 1770067047?
True
Is 1775692688 a multiple of 14?
True
Is 2739071712 a multiple of 7719?
True
Does 6 divide 892515876?
True
Is 211497006 a multiple of 21?
True
Does 3 divide 13061158?
False
Does 5 divide 407442732?
False
Is 1904912856 a multiple of 11?
True
Is 16 a factor of 198687968?
True
Does 535 divide 1822686520?
False
Does 668 divide 4135819128?
True
Does 2348 divide 311586644?
True
Is 66650058 a multiple of 1294?
True
Is 516 a factor of 267953409?
False
Does 154 divide 2490975257?
False
Is 13002004 a multiple of 9?
False
Is 194565 a multiple of 4?
False
Is 98836672 a multiple of 45?
False
Does 287 divide 10165815?
False
Is 414615 a multiple of 211?
True
Is 55507888 a multiple of 183?
False
Does 850 divide 976495673?
False
Does 816 divide 148040012?
False
Is 45 a factor of 69605865?
True
Is 8 a factor of 129312689?
False
Is 43706375 a multiple of 63?
False
Is 12134330 a multiple of 610?
False
Does 27 divide 72640962?
True
Is 2218316788 a multiple of 46?
True
Is 220 a factor of 3531392277?
False
Does 125 divide 75447000?
True
Is 52 a factor of 3595366684?
True
Is 54 a factor of 16630514?
False
Does 66 divide 2426271773?
False
Does 14 divide 124234623?
False
Is 351 a factor of 240934122?
True
Does 248 divide 20414616?
True
Is 374 a factor of 103099084?
True
Does 48 divide 166584624?
True
Does 21 divide 853356?
True
Does 32 divide 16751488?
True
Does 90 divide 318718580?
False
Does 3 divide 20689628?
False
Is 41041075 a multiple of 166?
False
Is 162 a factor of 105726708?
True
Is 126909935 a multiple of 9?
False
Is 9 a factor of 7556741?
False
Is 1566158961 a multiple of 4533?
False
Does 153 divide 173467729?
False
Is 914 a factor of 459403171?
False
Is 250 a factor of 889232500?
True
Is 10 a factor of 614638201?
False
Is 44850184 a multiple of 437?
True
Is 378 a factor of 111734532?
True
Is 216 a factor of 2120040?
True
Is 17906871 a multiple of 5?
False
Does 7753 divide 1346928690?
True
Is 5282 a factor of 340974228?
True
Does 642 divide 72292410?
True
Is 2908 a factor of 57361557?
False
Is 250482218 a multiple of 1253?
True
Does 965 divide 296677670?
True
Does 430 divide 40822480?
True
Is 13338222 a multiple of 6?
True
Is 2 a factor of 160166945?
False
Is 760 a factor of 115894680?
True
Does 9 divide 34397028?
True
Does 824 divide 105078952?
True
Is 5 a factor of 895191?
False
Does 525 divide 42168542?
False
Is 54046405 a multiple of 41?
True
Is 650 a factor of 116146104?
False
Is 58 a factor of 16365802?
True
Does 13 divide 26452751?
True
Does 74 divide 19790613?
False
Is 14605994 a multiple of 158?
True
Does 145 divide 739936157?
False
Is 213 a factor of 3386274?
True
Is 6292146868 a multiple of 118?
False
Is 72936304 a multiple of 6?
False
Is 1222053160 a multiple of 76?
False
Does 34 divide 43231?
False
Does 21 divide 17106138?
True
Is 5330 a factor of 175960470?
False
Is 825053247 a multiple of 83?
False
Is 130 a factor of 443282228?
False
Is 70277459 a multiple of 5?
False
Is 142 a factor of 144228264?
True
Is 730 a factor of 78506390?
True
Is 18 a factor of 8975828?
False
Is 791 a factor of 1597975827?
True
Is 1842 a factor of 50671578?
True
Is 37 a factor of 169264270?
True
Is 13 a factor of 25685526?
False
Does 142 divide 330348973?
False
Is 62008736 a multiple of 487?
True
Does 54 divide 144357822?
True
Does 189 divide 58200494?
False
Does 790 divide 646836621?
False
Does 437 divide 61059825?
True
Does 6 divide 462209136?
True
Does 2989 divide 54224910?
False
Is 2246 a factor of 189092986?
True
Is 16 a factor of 159316976?
True
Does 654 divide 1249362772?
False
Is 463 a factor of 24241291?
True
Is 5 a factor of 14779922?
False
Is 8 a factor of 163304609?
False
Is 16223778 a multiple of 718?
False
Is 2251 a factor of 368444973?
False
Is 21589790 a multiple of 185?
False
Does 2964 divide 2475180178?
False
Is 1297221095 a multiple of 1050?
False
Does 13 divide 910677842?
False
Is 215346549 a multiple of 16?
False
Is 399 a factor of 2098740?
True
Is 45291576 a multiple of 12?
True
Is 35690400 a multiple of 8?
True
Is 1035 a factor of 224394210?
True
Does 6 divide 11844582?
True
Is 1127494050 a multiple of 2425?
True
Does 256 divide 19881587?
False
Is 125192667 a multiple of 71?
True
Is 21 a factor of 303871388?
False
Does 330 divide 130230122?
False
Is 35251104 a multiple of 7?
True
Is 382580471 a multiple of 91?
True
Does 131 divide 30872238?
False
Does 121 divide 84899232?
False
Is 19 a factor of 361730675?
False
Is 6748 a factor of 1061818671?
False
Is 391261193 a multiple of 23?
False
Is 50 a factor of 546653627?
False
Does 17 divide 1228822055?
False
Is 1523 a factor of 21009669?
False
Is 261260129 a multiple of 13?
True
Is 401 a factor of 83421247?
False
Is 210 a factor of 14133771?
False
Does 660 divide 276742620?
True
Does 35 divide 1420028737?
False
Is 98978350 a multiple of 50?
True
Is 20 a factor of 5496910?
False
Is 582 a factor of 1600795134?
False
Is 1111 a factor of 19757162?
False
Is 1276093889 a multiple of 141?
False
Is 908050282 a multiple of 483?
False
Is 131 a factor of 34717261?
False
Is 40237551 a multiple of 177?
False
Is 20 a factor of 1171389020?
True
Is 5136 a factor of 6056819752?
False
Is 73 a factor of 59042246?
False
Is 23264924 a multiple of 3079?
True
Is 39646042 a multiple of 1821?
False
Is 560346335 a multiple of 267?
False
Is 268849665 a multiple of 71?
True
Is 772614912 a multiple of 12?
True
Is 1353 a factor of 681217911?
True
Is 1454 a factor of 436680489?
False
Is 29 a factor of 19945891?
False
Is 60 a factor of 80326200?
True
Does 53 divide 989168203?
True
Is 5490604 a multiple of 14?
True
Is 1238 a factor of 2051287564?
False
Is 831778290 a multiple of 795?
True
Does 4 divide 150823096?
True
Is 390 a factor of 3957977567?
False
Does 539 divide 148530074?
True
Does 98 divide 45955924?
True
Is 2255159834 a multiple of 704?
False
Does 37 divide 167388670?
False
Is 4438 a factor of 320559464?
False
Is 1555 a factor of 1317708555?
True
Is 267 a factor of 26560407?
False
Does 89 divide 751649945?
True
Is 13423738 a multiple of 23?
False
Does 4 divide 158730903?
False
Does 392 divide 5096643?
False
Is 337 a factor of 1755600004?
False
Is 1032 a factor of 38108242?
False
Does 239 divide 2811443996?
True
Is 19522460 a multiple of 102?
False
Is 169869796 a multiple of 262?
True
Is 48 a factor of 28448884?
False
Does 36 divide 781104408?
False
Is 6 a factor of 6527760?
True
Does 1022 divide 271709942?
True
Is 120120228 a multiple of 14699?
True
Is 49626000 a multiple of 54?
True
Is 3 a factor of 91794?
True
Is 244392471 a multiple of 68?
False
Is 875 a factor of 1345729875?
True
Is 18860806 a multiple of 173?
True
Does 33 divide 16858902?
False
Is 199 a factor of 23905472?
True
Does 7 divide 1137015?
False
Is 5430815 a multiple of 13?
True
Is 348244 a multiple of 4?
True
Is 35 a factor of 545385528?
False
Is 12 a factor of 444230